-92))?
0
Suppose 0 = -8*m + 13*m + n + 12, -18 = 2*m - 4*n. Let y = 249 + m. What is the hundreds digit of y?
2
Let b = 4192 - -21469. What is the hundreds digit of b?
6
Let y = -3563 - -6607. Let o = y + -2009. What is the tens digit of o?
3
Suppose 10*f - 2780 = 5*f - 5*o, f - 2*o - 547 = 0. Let a = -547 + f. What is the units digit of a?
6
Let h = 116 - 112. Let u(o) = 15*o**2 - 3. What is the units digit of u(h)?
7
Suppose -5*t = -4*p + 15, -4*p - 12 = -3*p + 4*t. Suppose p = 5*b - 13*b + 1744. Let j = -128 + b. What is the units digit of j?
0
Let g(z) = -4*z**2 - 34*z - 129. Let q be g(-18). Let d = q - -2217. What is the hundreds digit of d?
4
Suppose 0 = 17*n + 6705 - 94986. What is the units digit of n?
3
Let y be (-4)/(-18) - -2 - (-2)/(-9). Suppose -1794 = -2*g - 2*f, 2*g - 5*f = -y*g + 3570. What is the tens digit of g?
9
Let h be (104/(-10))/((-24)/3420). Suppose 275*i = 269*i + h. What is the tens digit of i?
4
Suppose -s - 9 = 2*d, -4*s + 2*s - d = 12. Let z be s + -1 + (-5 - -8). What is the units digit of (-5 - z) + -1*25*-3?
3
Suppose -15*t - 24*t + 1053 = 0. Suppose t*c - 7410 = c. What is the tens digit of c?
8
Let c be (-10)/3*(-54)/45. Suppose 0 = -v + b + 1, b + c = -2*v + 9. Suppose -4*j + 4*r + 260 = 0, 0 = v*j + 3*r - 147 + 27. What is the tens digit of j?
6
Suppose 4*x - 12129 = 114711. What is the tens digit of x?
1
Let x(j) be the first derivative of 81/2*j**2 + j + 10. What is the tens digit of x(1)?
8
Let q = 4125 - 2292. What is the hundreds digit of q?
8
Suppose -177 = -7*p + 2*p + 2*w, 0 = 3*p + 5*w - 100. Suppose 43*h - 5920 = p*h. What is the hundreds digit of h?
7
Let i = -63 + 54. Let w be (-20)/i + (-2)/9. Suppose -y + 19 = -2*x, 0 = 5*y - w*x - x - 95. What is the units digit of y?
9
What is the tens digit of (41 + -44)/((0 - 1)*(-12)/(-17452))?
6
Let f be ((-2)/1)/4*(-24 - -24). Let m be f/2 - (-2 + (14 - 4)). What is the tens digit of (-39)/(-9)*m*(-6)/2?
0
Let g be -5 + (-44)/(-8) - (-3)/2. Suppose 3*n = -4*m - 22, -n + g*m = -3*m - 18. What is the hundreds digit of ((-980)/15 - n)/(3/(-9))?
1
Suppose -2*l + 188 = -w, -469 = -8*l + 3*l + 2*w. Let p = l + -79. What is the tens digit of (20/p)/(2 - (-345)/(-175))?
5
Suppose -275*s + 265*s + 65050 = 0. What is the hundreds digit of s?
5
What is the tens digit of (-10 + 12 + 1959)*4?
4
Let o = 98 - 46. Let h = o - 56. What is the tens digit of 85 + (h - (-4 - -2))?
8
Let h(q) = 6*q - 34. Let i be h(6). Suppose 0*b = -b + i. Suppose 0 = 2*p - 2*c - c - 171, -4*c = b*p - 150. What is the units digit of p?
1
Suppose 0 = 4*d + 5*f + 78 + 202, -2*f = 0. Let u be ((-4)/10)/((-7)/d). What is the units digit of (-9)/((-81)/(-156))*6/u?
6
Let d(x) = -5*x - 4*x + 0 - 7 + x. Suppose -292 = -5*s - 302. What is the units digit of d(s)?
9
Suppose -3*o - 4825 = 13*m - 12*m, 4*o + 6420 = 2*m. Let n = -802 - o. What is the units digit of n?
5
Suppose -2*p = 16*j - 12*j + 52, 0 = 3*j + 3*p + 36. What is the hundreds digit of j*-3*(-531)/(-54)?
4
Let m(t) = -5 + 21*t - 3*t + 6*t. Let w be -6 + 160/25 - 8/(-5). What is the tens digit of m(w)?
4
What is the hundreds digit of (-265851)/(-81) - 6/54?
2
Let k(w) be the second derivative of -w**5/20 + 5*w**4/12 + 5*w**3/2 - 5*w**2 - 67*w. What is the units digit of k(6)?
4
Suppose 0 = -18*d + 88963 + 58711 + 25810. What is the thousands digit of d?
9
Let y(z) = -16*z**2 + 21*z + 14. Let d(w) = 8*w**2 - 10*w - 7. Let j be 1/3 + 88/24. Let t(u) = j*y(u) + 9*d(u). What is the tens digit of t(-3)?
8
Suppose 3881 + 1297 = 6*b. Let i = 1565 - b. What is the units digit of i?
2
Let c = 7107 + -3897. Suppose -5*f - c = -5*h, -28 + 31 = 3*f. What is the tens digit of h?
4
Suppose 1148*o - 2178038 = 1039*o. What is the ten thousands digit of o?
1
Let s(m) = 276*m - 1118. What is the thousands digit of s(26)?
6
Suppose -39218 + 94603 = 53*c. What is the tens digit of c?
4
Suppose 129*r - 125*r = -1104. Let k = -70 - r. What is the tens digit of k?
0
What is the hundreds digit of (-60)/25 + 19423946/515?
7
Let b = 139 - 132. Let x(j) = 11*j**2 - 24. What is the units digit of x(b)?
5
Let c(x) = 125*x - 973. What is the units digit of c(18)?
7
Suppose -16*y + 17628 + 34536 = -7*y. What is the hundreds digit of y?
7
What is the ten thousands digit of 51866/5 + (-906)/755?
1
Let i = 109417 + -72677. What is the ten thousands digit of i?
3
Let w = -678 + 784. Suppose w*c + 8289 = 115*c. What is the hundreds digit of c?
9
Suppose -5*d = -d - 2*y - 38, -5*d + 3*y = -45. Let m = d + 252. What is the tens digit of m?
6
Let i be 2/7 - 9988/(-28). Let s be (-1)/((-14)/15070) - (-16)/28. Suppose s = 8*z + i. What is the tens digit of z?
9
Suppose 0*t + 6 = 3*t. Suppose -4*d - t = 2*j - j, 0 = -4*j - 8. What is the tens digit of -61*(1 - (d + 2))?
6
Suppose 19*u - 14*u - 26*u = -697095. What is the units digit of u?
5
Let x(i) = 2*i**3 - 20*i**2 + i - 12. Let o be x(10). What is the units digit of (5 + -6)/(o/1608)?
4
Let z = 69913 - 29911. What is the hundreds digit of z?
0
Let g = 2059 + 635. Suppose -g = -6*l + 156. What is the hundreds digit of l?
4
Suppose 32 = 4*b, 801*b + 97318 = 6*p + 800*b. What is the ten thousands digit of p?
1
Let b(i) = 230*i**2 + 32*i + 378. What is the thousands digit of b(-8)?
4
Let d(h) = -210*h**3 + 16*h**2 + 63*h - 3. What is the thousands digit of d(-5)?
6
Let t(j) = -47 - 5*j + 44*j**2 - 34*j**2 + 14. What is the units digit of t(-4)?
7
Suppose -305603 = -36*j + 826633. What is the tens digit of j?
5
Let p(x) be the third derivative of -x**4/24 - 5*x**3/3 + 22*x**2. Let w be p(-10). Suppose -4*a - 41 + 145 = w. What is the tens digit of a?
2
Let x = 9 - 12. What is the tens digit of (2346/(-18) + 3)*x?
8
Let p(l) = -15*l - 7. Let h be p(-3). Suppose -16 = -8*i + 7*i + n, -2*i + h = n. What is the units digit of i?
8
Suppose 2*p - 234 + 74 = 0. Suppose 0 = -p*o + 91*o - 5214. What is the tens digit of o?
7
Let k(z) = 37*z + 5. Let f be k(-1). Let v be (-48)/f*4/3. Suppose v*l = -4*l + 1032. What is the hundreds digit of l?
1
What is the units digit of (-2)/7 - -69*(-141394)/(-462)?
7
Let i(x) = 27*x**2 + 100*x - 786. What is the hundreds digit of i(10)?
9
Let z(h) = -7*h + 35. Let j(b) = -4*b + 17. Let s(d) = -11*j(d) + 6*z(d). Let k be s(-9). Suppose k*q + 2*l - 295 = -0*l, 0 = 4*l. What is the tens digit of q?
5
Let a = -57 - -62. What is the units digit of (7 + 3983)/a - 5?
3
Suppose -4791415 - 921630 = -269*c - 1507499. What is the tens digit of c?
3
Let i(z) = z**3 + 2*z**2 + 2*z + 1. Let h be i(-1). Let u be (-1716)/(-96) - 2/(-16). What is the units digit of u*5 + h/3?
0
Suppose 4*z - x - 286 = 826, -5*z + 1390 = -2*x. Let t = z - -24. What is the units digit of t?
2
What is the units digit of (1 + (-500)/8)*(-8626)/57?
7
Let z(h) = 113*h**3 - h**2 + 1. Let v = 12 - 10. Let d be z(v). Suppose 8*c - 315 = d. What is the hundreds digit of c?
1
What is the hundreds digit of ((-6847824)/(-358))/(1 - -2)?
3
Suppose 2*b - 153 = -143. Suppose 197 = b*l - 568. What is the units digit of l?
3
Suppose 534614 - 3146778 = -66*d + 23*d. What is the tens digit of d?
4
Let g(k) = 2*k + 10. Let t be g(15). What is the tens digit of 3055/t + (-21)/56?
7
Let a = -728 - -733. Suppose 3884 = a*f - 2*k, f + 2*k + 163 = 947. What is the hundreds digit of f?
7
Suppose 5*z - 648 - 227 = 0. Let f(b) = b**3 + 25*b**2 - 83*b + 33. Let s be f(-28). Suppose -l = 4*i + l - 140, -2*l = -s*i + z. What is the tens digit of i?
3
Let i(y) = 6*y**3 - 48*y**2 - 46*y + 176. What is the units digit of i(16)?
8
Suppose -7*m + 1301 = -868 - 960. What is the hundreds digit of m?
4
Suppose k - 9 = -5*x, 4*k - x = -9 + 24. Let g be (334/(-5))/((-1)/5). Suppose 0 = k*f - 5*r - g, 262 = 3*f + 6*r - 4*r. What is the units digit of f?
6
Let d = 414 - 289. Suppose 294*i - 289*i - d = 0. What is the tens digit of i?
2
Let d(t) be the first derivative of t**4/4 + t**3/3 - t**2/2 + 4*t + 21. Let s be d(-4). What is the units digit of 2*3*1/((-15)/s)?
6
Let t(b) = 20*b**2 + b + 12. Let i be t(-10). Let p = 3222 - i. What is the hundreds digit of p?
2
Let i = -53573 - -115286. What is the tens digit of i?
1
Let w = 5732 + 1574. What is the units digit of w?
6
Let f(v) = -3429*v - 19. Let b be f(-1). Suppose -9*a = 5*t - 6*a - 3400, -5*t + b = 5*a. What is the